the highest common divisor of k and 29?
29
Suppose -4*v - t + 38 = 0, -74*v + 79*v - 4*t = 58. Calculate the highest common divisor of v and 375.
5
Let v = -629 - -639. What is the greatest common factor of 8 and v?
2
Suppose 22 = 4*n + 6. Suppose 5*k + 30 = z, -2*z = -n*z + 3*k + 25. What is the greatest common factor of 85 and z?
5
Let m be (-922)/(-18) - (-8)/(-36). Let g(x) = x**2 + 14*x - 15. Let h be g(-16). What is the highest common factor of m and h?
17
Let d(g) = g**3 + 15*g**2 + 30*g + 16. Let p be d(-13). Let f be (54/24)/((-3)/p). Calculate the greatest common factor of f and 189.
27
Suppose -8*y + 71*y = 14742. What is the highest common factor of 162 and y?
18
Suppose 475*q = 468*q + 1890. What is the greatest common divisor of q and 432?
54
Suppose 10*z = 8*z - h + 148, -5*z + 4*h + 383 = 0. Calculate the greatest common divisor of z and 8025.
75
Let g = -3362 + 3452. Let f(z) = -5*z. Suppose -3*k + 7*k + 8 = 0. Let d be f(k). Calculate the greatest common factor of g and d.
10
Suppose -40 = -i - v, i - 5*v - 101 = -i. Suppose -23*l - 1676 + 4315 = -5273. What is the highest common divisor of i and l?
43
Let x(p) = 9*p**2 + 10*p + 13. Let o be x(-5). Calculate the greatest common divisor of 4606 and o.
94
Suppose -25 = -5*r, -3*b - 5*r - 6 + 19 = 0. Let y be (-510)/b*(4 - 48/30). Calculate the greatest common divisor of 18 and y.
18
Let n be 0 + (-2 + 8 - 3). Let x be (-3 + n)/((-6)/3). Suppose -3*m = -x*m + 5*p + 2, 4*m - p = 5. Calculate the highest common divisor of 2 and m.
1
Let z(c) = 2385*c - 94. Let a be z(2). Calculate the highest common divisor of 28 and a.
28
Let v(z) = 279*z + 11250. Let d be v(-35). What is the greatest common factor of d and 1890?
135
Suppose -141 = -u + 213. Let v be u/(-2) - (3 - 6). Let p = v + 254. Calculate the highest common divisor of 120 and p.
40
Let v(d) = 2*d**2 + 86*d - 71. Let s be v(-46). Calculate the highest common factor of 145 and s.
5
Let n be (21/(-14))/((-2)/188) - 11. Calculate the greatest common factor of 351 and n.
13
Suppose -3*j = -4*j + 103. Suppose 3*b - 6 = 0, 0*b + 91 = -3*d - b. Let u = d + j. Calculate the highest common divisor of 18 and u.
18
Suppose -3*a + 40 + 165 = j, 5*a = 9*j + 331. Suppose -2*s + 4*l + 600 = 0, -2*l + 12 = 2*l. What is the greatest common divisor of s and a?
34
Let r(a) = 111*a**2 - 4*a + 3. Let m be r(1). Suppose 23*p - 26*p = -15. Suppose p*x - 2*c - 142 = 2*x, -2*c = 10. What is the highest common factor of m and x?
22
Let x(j) = 6*j - 36. Let w be x(6). Suppose -3*o + 385 - 151 = w. Suppose u - 44 = -5. Calculate the highest common factor of o and u.
39
Let b be (-1)/(-1) + 5*1. Suppose 5*u + 3*m - 135 = -27, -3*u + 3*m = -36. Calculate the greatest common factor of u and b.
6
Let i(z) = 21*z + 52. Let l(y) = y + 2. Let b(q) = -i(q) + 2*l(q). Let n be b(-9). Calculate the greatest common factor of n and 82.
41
Suppose l + 2*c = 61, 35*c - 36*c - 3 = 0. Calculate the greatest common factor of l and 6767.
67
Let v = 32239 + -28882. Calculate the highest common divisor of 18 and v.
9
Let d be (77/44*15/(-7))/(34/(-136)). What is the greatest common factor of d and 108?
3
Let n be -6 - (-1 + -79) - -8. Suppose 2*g - 3*g + 4*t = -n, 3*g - 237 = 3*t. Calculate the highest common factor of g and 2.
2
Let p = -689 + 698. Let b = -21 - -51. Let k be ((-6)/1)/(-4 + b/p). Calculate the greatest common divisor of k and 3.
3
Suppose -265*p = -2078*p + 18130. Let f(h) = 2*h**3 + h + 1. Let c be f(-1). Let i be 5*(0 + c + 6). What is the highest common factor of i and p?
10
Let t = -228 + 226. Let n be 21 - 5 - 10/t. Let m be ((-2)/6)/((-9)/189). What is the greatest common divisor of m and n?
7
Let s(y) = 55*y + 2563. Let w be s(-40). What is the highest common factor of 1914 and w?
33
Suppose 25 = 6*b + 7. Suppose -5*s + 2*t = -22 + 8, b*t + 4 = -s. What is the highest common divisor of 16 and s?
2
Suppose -5*t = -3*f - 1773, 5*t - 1091 = 2*t - 5*f. Let z be (-6)/(-63) + 680/t. What is the greatest common factor of 34 and z?
2
Let t be (-9)/(-15) + (-2060)/(-25). Suppose 4*x - 79 = -3*d, 6*d - 3*d + 5*x = t. Calculate the highest common divisor of 42 and d.
21
Suppose 3*s = 3*v - 0*v - 12, -11 = 3*s - 2*v. Let y = 8 + s. Suppose 0 = y*w - 5*f - 65, -5*f - 68 = -5*w - f. What is the highest common divisor of w and 2?
2
Let m(i) = 13*i**3 - 6*i**2 + 5*i + 3. Let b be m(3). Let k = -58 - -103. What is the highest common divisor of k and b?
45
Suppose 3*p + 460 = -3*i - 194, -3*p - 654 = 4*i. Let w = 624 + p. What is the greatest common divisor of w and 174?
58
Let n be (40/5 - (190 - -2))*-8. What is the greatest common divisor of n and 851?
23
Suppose -3*u = 3*m + 6, -3*m - 5*u + 50 = -8*m. Let i be (-10)/65 + m/(-13)*139. What is the highest common factor of 48 and i?
16
Suppose -50*p = -28*p - 9526. Let v = p - 375. Let n = -163 + 308. What is the greatest common factor of n and v?
29
Let s = -119 + 118. Let w be 22/s*3/(-6) - -3. Calculate the highest common divisor of 98 and w.
14
Let k = -2534 + 2812. Calculate the greatest common factor of k and 4031.
139
Let c be (387/(-117) - -4)*351. Calculate the greatest common factor of c and 162.
81
Let m(a) be the third derivative of -a**6/120 + 3*a**5/20 - a**4/8 + 8*a**2 + a. Let d be m(8). What is the highest common factor of d and 200?
40
Suppose 3*f = 5*m + 263, -2*f - 2*f + 2*m + 374 = 0. Suppose -87*d + f = -84*d. Calculate the greatest common divisor of d and 12.
4
Let c be 8*(-5)/(-16)*2. Suppose 0 = c*g + 4*b - 50, 4*b = 4*g - 6*g + 32. Calculate the highest common divisor of g and 25.
1
Suppose 0 = 15*q - 5194 + 2899. What is the highest common factor of 17 and q?
17
Suppose -1270*p = -1266*p - 640. What is the greatest common factor of 20 and p?
20
Suppose 76*j - 9*j - l = 32957, 0 = 5*j - 3*l - 2439. Suppose -d + 18 = 2*w + 2*d, -4*w + 4*d = -56. Calculate the highest common factor of j and w.
12
Let v(g) = -9*g**3 + g**2. Let o(c) = -c**3 - 7*c**2 - 10*c - 1. Let b be o(-5). Let u be v(b). What is the greatest common factor of 24 and u?
2
Let b be 5/(105/834) + 16/56. Suppose -2*z + 48 = i, 3*i = z - 3*z + b. What is the greatest common factor of z and 182?
26
Suppose 6*f - 8*f = 0. Suppose 0*x + x - 2*c - 14 = f, 5*x + c = 26. Suppose x*a + 28 = 8*a. What is the greatest common divisor of 42 and a?
14
Suppose -44*o = -38*o - 12. Suppose -2*c + 5*l + 27 = 0, 3 = o*c - c + l. What is the highest common factor of c and 8?
2
Let a = 16 - 0. Let h be 510 + (-8 - (-7 - -1)). Suppose -236 = -2*m + 5*i, -17*m + i + h = -13*m. Calculate the highest common divisor of a and m.
16
Let m = 97 - 63. Suppose 20 = 2*n - 2*f + 4, -4 = n + 5*f. What is the highest common factor of m and n?
2
Let t = -455 - -474. What is the highest common factor of t and 7049?
19
Suppose -8*a = -23*a + 60. Suppose -3100 = -a*p - 27*p. What is the greatest common factor of p and 50?
50
Suppose -3*x + 192 = x. Let t(r) = 8*r + 6. Let f(n) = -2*n + 1. Let l(j) = 8*f(j) - 4*t(j). Let z be l(-1). Calculate the greatest common factor of x and z.
16
Let q(n) = -n**2 - n + 114. Let d be q(10). Suppose -d*h + 87 = h + m, 8 = 4*m. What is the greatest common factor of h and 799?
17
Suppose -15250 + 6260 = -6*w - 2*c, -3025 = -2*w + 5*c. Calculate the greatest common factor of w and 45.
15
Suppose 4*b - f - 8 = 0, -b - b - 6 = -3*f. Suppose -7*d + b*d = 1076. Let s = -181 - d. Calculate the greatest common divisor of s and 8.
8
Let p be (-4692)/(-207)*477/4. Calculate the greatest common factor of p and 51.
51
Let p = -4 + 32. Let a(l) = -l + 1. Let y(f) = -84*f**2 - 6*f. Let r(q) = 3*a(q) - y(q). Let b be r(-1). Calculate the highest common divisor of p and b.
28
Suppose -5*g + 4*x + 292 = 3*x, -4*x - 254 + 306 = 0. Let q = -12 - -317. Calculate the highest common factor of g and q.
61
Suppose 2*j = 2, -15*a + 5*j = -16*a + 13. What is the greatest common factor of a and 14?
2
Let c(h) = 167*h + 221. Let b be c(2). Calculate the highest common divisor of b and 10.
5
Let j = 9578 - 8848. What is the highest common factor of j and 55?
5
Suppose 3*y - 3*g - 3660 = 0, 13*g = -4*y + 9*g + 4880. What is the highest common divisor of 20 and y?
20
Let s be (13 + 0)*-119*(26 - 29). Calculate the greatest common factor of s and 238.
119
L